Let r be n(t). Let j = r + 12. What is the tens digit of j?
1
Suppose 8*d = 4*d - 4*t + 224, 5*d - 4*t - 235 = 0. Suppose 0*w = -3*w + d. What is the units digit of w?
7
Suppose -2*p - 15 + 1 = 0. Let z(d) = d**2 + 5*d - 3. What is the units digit of z(p)?
1
Suppose 2*w + 44 = -4*a, 45 = -2*w - 6*a + 3*a. What is the units digit of (2 - w/(-9))*-33?
2
Let j = 14 + -26. What is the tens digit of (-626)/(-14) - j/42?
4
Suppose -3 = t - 2. Let l be 2/(-4)*0/t. Suppose 2*b = -h - 0 + 7, 5*b - 5*h - 10 = l. What is the units digit of b?
3
Suppose 7*t - 96 = 5*t. Suppose -6*k = -3*k - t. What is the tens digit of k?
1
Suppose -3*u = -4*i - 83 + 34, 3*u - 67 = -5*i. What is the tens digit of u?
1
Let l = 2 - 9. What is the units digit of (56/l)/((-2)/4)?
6
Let g(x) = 19*x + 6. What is the units digit of g(3)?
3
Let z = -29 - -48. Suppose 4*d - 5*m + z = 2*d, d - 28 = -5*m. What is the units digit of d?
3
Let a = -9 + 17. Let w = 28 - a. What is the tens digit of w?
2
Let t(s) = -4*s**2 + 18*s + 7. Let v(f) = f**2 - f + 1. Let g(d) = -t(d) - 5*v(d). What is the units digit of g(-10)?
8
Suppose -2*l + 5*l + 12 = 0. Let o = l + 7. Suppose 0 = -4*n - 0*q + o*q + 15, -3*n + 12 = -3*q. What is the units digit of n?
3
Suppose 0 = 7*u - 2*u - 70. What is the tens digit of u?
1
Let p(z) = 148*z**3 - 2*z**2 + z. What is the units digit of p(1)?
7
Let k = -598 - -868. What is the units digit of k?
0
Suppose 9 = -3*q, -3*q = 5*h + q - 28. Suppose -h*o + 190 = -3*o. What is the units digit of o?
8
Let p be 3/4 - (-28)/(-16). What is the units digit of (-119)/(-14) + p/2?
8
Let j be ((-10)/(-5))/(2 + 0). Let w = j + 5. What is the units digit of w?
6
What is the units digit of (-32)/(-6)*6 + 4?
6
Let i(c) = -3*c - 6. Let n be i(7). Let d = 43 + n. What is the units digit of d?
6
Let h(l) = 4*l**2 - 5*l + 7. What is the tens digit of h(3)?
2
Suppose 64 = 5*j + 159. Let n = j + 57. What is the tens digit of n?
3
Suppose -2*b - 2*y + 5*y = -14, -3*b + y = -21. Suppose -b*h = -2*h - 20. Suppose -h*z + 15 = z. What is the units digit of z?
3
Suppose -2*i + 159 = -327. What is the hundreds digit of i?
2
Suppose -5*t - i = -54, 4*i + 4 = 5*i. What is the tens digit of t?
1
Let z be (135/(-12))/(3/(-8)). Suppose 0 = -5*p + 35 + z. What is the tens digit of p?
1
Let c = -12 - -86. What is the units digit of c?
4
What is the units digit of 3 + 1 - 4 - -30?
0
Let i(g) = 8*g + 13. Let q(c) = 7*c + 14. Let o(w) = 3*i(w) - 4*q(w). What is the units digit of o(-8)?
5
Let v = -7 + 6. Let d(g) = -2*g + 1. What is the units digit of d(v)?
3
Suppose 3*g - 2*k + 6 = 5*g, 33 = 4*g - 3*k. What is the units digit of (g - 0) + 10/5?
8
Let p = 5 + -9. Let w = 4 + p. What is the units digit of w + -2 + 1 + 7?
6
Suppose -5*v - 2*s + 743 = 0, -3*s + 461 = 3*v + 2*s. What is the hundreds digit of v?
1
Let o = -312 - -498. What is the tens digit of 6/(-9) - o/(-9)?
2
Let o(f) = f**3 + 3*f**2 - 6*f - 4. Let j be o(-4). Suppose -j*w - 24 = -0*g - 2*g, 0 = -g - 5*w + 33. What is the tens digit of g?
1
Let h be 0/1*(-6 + 5). Let f be 9 + (-2 - h) + 2. Suppose -39 = -3*b - f. What is the tens digit of b?
1
Let x(j) = j - 2. Let z be x(2). What is the units digit of (-18)/(-8)*(z + 12)?
7
Let i(t) be the second derivative of t**3/2 + t**2/2 + 3*t. What is the tens digit of i(4)?
1
What is the units digit of (-2)/(-7) + (-1932)/(-98)?
0
Let n = -96 + 130. What is the units digit of n?
4
Let y = -16 - 10. Let p = y + 28. What is the units digit of p?
2
Suppose l = 4*l - 5*s - 744, -496 = -2*l - 4*s. What is the units digit of l?
8
Let j = 10 + -7. Suppose -3 = -j*b - 0. What is the units digit of b?
1
Let v = -9 - -19. Let r = v + -3. Suppose 2*q - r*q = -5. What is the units digit of q?
1
Suppose -155 - 621 = -2*g. What is the hundreds digit of g?
3
Let u = 29 - 6. Let j = u + -4. What is the units digit of j?
9
Let c = -147 - -223. What is the units digit of c?
6
Let n(o) = -2*o - 3. Let s be n(-4). Suppose -51 = -s*m + 29. What is the tens digit of m?
1
Suppose -o - 7 + 4 = 0. What is the units digit of (-470)/(-8) - o/12?
9
Suppose r = 2*r - 45. Let v = 92 - r. What is the tens digit of v?
4
Suppose 2*j = 4*y + y - 33, 3*j + 37 = 5*y. What is the units digit of (-2)/j - 33/(-6)?
6
Suppose -2*w - 6 = 0, -w = u - 4*u + 9. What is the units digit of (u/(-6))/(3/(-81))?
9
What is the tens digit of 2 + 0 - 4 - -68?
6
Let h = -17 + 25. What is the units digit of h?
8
Suppose t = -4*w - 85 - 35, -480 = 4*t - w. Let v = -86 - t. What is the tens digit of v?
3
Suppose -i = 5*g - 39 - 25, 2*g + 212 = 5*i. What is the units digit of i?
4
Suppose -7*g + 3*g - 4 = 0. Let n(p) = -8*p**2 + p + 1. Let h be n(g). Let q(w) = -2*w - 5. What is the tens digit of q(h)?
1
Let o be (-602)/(-8) - 12/48. Suppose -o = -5*z + 140. What is the units digit of z?
3
Let s(u) = -3*u - 2. Suppose p - i - 2*i + 15 = 0, -7 = -3*p - 4*i. Let q be s(p). Let j(h) = h**3 - 8*h**2 + 7*h + 6. What is the units digit of j(q)?
6
Suppose -u + 2*w + 188 = 0, 4*w = 2*u + u - 566. What is the hundreds digit of u?
1
Let p = 64 - -8. What is the tens digit of p?
7
Suppose -4*c + 3*c = -128. What is the tens digit of c?
2
What is the tens digit of 0 + (20 - -1)/1?
2
What is the units digit of -6 + 3 - (-64 + 0)?
1
Let q(l) = -l + 2. Let m(r) = r - 5. Let z(g) = 4*m(g) + 7*q(g). What is the tens digit of z(-6)?
1
Suppose -2*i + 0*i + 44 = 4*o, 25 = 5*o. What is the tens digit of i?
1
Let w = 4 - 7. Let i = w + 5. Suppose -i = 5*m - 12. What is the units digit of m?
2
Let g = 4 + -1. Let l = g + -1. What is the units digit of l?
2
Suppose -n + 3*n - 648 = 0. What is the hundreds digit of n?
3
Suppose 2*o + f - 278 = 0, -f + 4*f + 153 = o. What is the tens digit of o?
4
Let p be (8/(-32))/(2/(-8)). What is the tens digit of -18*p*21/(-14)?
2
What is the units digit of -50*((-2)/(-2))/(-2)?
5
Let g(p) = 4*p - 15. Let n be g(5). Suppose -10 = -u + n. What is the units digit of u?
5
Suppose -2*n = -18 - 28. What is the units digit of n?
3
Suppose 0 = 2*i - 3*n + 7, -2*i - 2*i + 1 = -3*n. Suppose i*o - 5*g = 16, o + 4*g = 5*g + 4. What is the units digit of (-6)/o*(-20)/6?
5
What is the units digit of 1*-4 - (-51 - 4)?
1
Let z(p) = 3*p**2 + 5*p + 2. What is the units digit of z(-3)?
4
Suppose -3*i = -6*o + o + 181, -5*i = o - 53. What is the units digit of o?
8
Suppose -r + 5*s = 3*r + 3, 4*r - s - 9 = 0. What is the units digit of (-11 - -23) + -1*r?
9
Suppose -2*g - 10 = 3*g. Let s = g - -5. Suppose v - 23 = -3*d - v, 0 = 5*d + s*v - 38. What is the units digit of d?
7
Suppose 0 = -2*i - 0*i - 80. Let w = i - -76. What is the tens digit of w?
3
What is the hundreds digit of -2 - -3 - (-123 - -7)?
1
Suppose 3*d = 3*a + 6, -3*d - 5*a - 19 = d. Let s = 5 + d. What is the units digit of s?
4
Let l(v) = 3*v**3 - 2*v + 2. Let p be l(2). Let y = p + -12. What is the units digit of -2 + y - (-1 + 2)?
7
Suppose -m + 4 = -3*m, -x = 4*m - 15. Let y = -13 + x. What is the units digit of y?
0
Let y(g) = -3 - 5*g + 3 + g. What is the tens digit of y(-8)?
3
Let z(i) = -i**3 + 15*i**2 - 19*i + 11. What is the units digit of z(13)?
2
Let v(a) = -a**3 + 6*a**2 + 9*a - 10. Let h be v(7). Suppose l + h*l - 65 = -5*x, x = -2*l + 22. What is the units digit of l?
9
Suppose -2*x - 2 = 2*d, x - 3*d - 9 = 2*x. Let a = x + 4. Let n = 12 - a. What is the units digit of n?
5
Let b(x) = -129*x - 28. What is the tens digit of b(-2)?
3
Let n be 1/(-5) - (-12)/10. Let v = n + 3. Suppose -v*w = -g + w + 9, -4*w = -5*g + 24. What is the units digit of g?
4
Let t = 49 - 8. What is the units digit of t?
1
Let k(x) = x - 2. Let j be k(4). Let a = j - 2. Suppose 3*n + n - 2*i - 10 = a, 3*n = -5*i + 40. What is the units digit of n?
5
Let i = -3 - -6. Suppose 3 = -0*s + i*s. What is the units digit of (-1)/(s/2*-1)?
2
What is the tens digit of 334/3 + -2 + 5/(-15)?
0
Let r be (-3 - -2)*1*13. Let t(x) = x**2 + 11*x + 5. What is the tens digit of t(r)?
3
Suppose -4*b + 0*b + 112 = 0. What is the units digit of b?
8
Let c(l) = l + 4. Let x be c(-5). Suppose -2*i + 3 - 7 = 0. What is the units digit of -6*(x + i/6)?
8
Let q be 1 + 4/((-8)/22). Let p = q + 46. What is the tens digit of p?
3
Suppose 5*y - 289 - 1434 = 4*j, y + 3*j = 337. What is the units digit of y?
3
Suppose 2*u = -p - 3 